be l(-12). Suppose t = -2*n + 623, 4*n + 0*t + t - 1245 = f. What are the prime factors of n?
311
Let v(y) = y**3 - 76*y**2 + 219*y - 171. What are the prime factors of v(74)?
13, 17, 23
Suppose r - 21 = 3*m + 1, m - 3*r = -2. Let n(o) = -2*o + 37. Let q(u) = 3*u - 36. Let p(j) = -3*n(j) - 4*q(j). List the prime factors of p(m).
3
Let q(s) = s**2 - 11*s - 227. List the prime factors of q(-17).
3, 83
Let k(f) = -f**2 + 20*f - 48. Let b be k(6). Let g = -9 - -14. Suppose 0 = -3*h + g*t + b + 7, -t + 53 = 5*h. What are the prime factors of h?
11
What are the prime factors of 300/((-3)/8*23/(20 - 480))?
2, 5
Suppose 26*o = 5*o + 29022. Let d = -977 + o. What are the prime factors of d?
3, 5
Let u = -9 + 2863. Let f = u + -1972. List the prime factors of f.
2, 3, 7
Suppose 6444 = m - s, -13*m + 32204 = -8*m + 3*s. List the prime factors of m.
2, 3221
Suppose -150*b + 1329202 = -17*b. List the prime factors of b.
2, 19, 263
Suppose f + i - 13033 = 0, -268*f + 264*f + i = -52122. List the prime factors of f.
83, 157
Let j(p) = -p**2 + 23*p - 117. Let c be j(12). Suppose 0 = 5*x + 13 + 37. List the prime factors of (-37)/(-2) + c/x.
17
Suppose -33*o + 12*o = -3*o - 258516. List the prime factors of o.
2, 43, 167
Let q(s) = -2*s**3 - 49*s**2 - 46*s - 109. Let y(m) = 3*m**3 + 74*m**2 + 68*m + 163. Let w(o) = 7*q(o) + 5*y(o). What are the prime factors of w(-26)?
2, 5, 13
Let g be (-23)/9 - 8/18. Let f(j) = 97*j**2 + 4. What are the prime factors of f(g)?
877
List the prime factors of (-21)/((-4)/((-37088)/(-3))) + 5.
13, 4993
Let b = -75 + 134. Let o be 2 + (9/(-396)*4 - (-1191)/33). Suppose b = z - o. What are the prime factors of z?
97
Suppose 64*s - 17*s = 102695. What are the prime factors of s?
5, 19, 23
Suppose 4*x - 165 = 459. Let k = 111 - x. What are the prime factors of 4/(-18) + (-2530)/k?
2, 7
Suppose -5485 = -4*p + 11935. What are the prime factors of p?
5, 13, 67
Suppose 5*q = 5*c - 5, -4*c + q = -2*q - 8. Let r(d) = 5*d**3 - d**2 + 16*d + 12. List the prime factors of r(c).
2, 173
Suppose 0 = 4*t + 4*u - 41120, 10*t = 5*t - 2*u + 51406. List the prime factors of t.
2, 53, 97
Let z = 18 - 14. Let m be 3 - (-6)/z*-2. Suppose 0 = 2*k - 5*o - 185, -4*o = 5*k - m*o - 545. List the prime factors of k.
3, 5, 7
Suppose 0 = 4*v - 212 + 788. Let u = v + 94. Let k = u - -93. What are the prime factors of k?
43
Let c(h) = 1921*h - 357. Let r be c(7). Suppose -r = -8*a - 482. What are the prime factors of a?
2, 197
Let o(c) = 7*c + 16. Let g be o(-2). Suppose -s - g*m + 265 + 285 = 0, -2*s = 2*m - 1094. What are the prime factors of s?
2, 17
Suppose 4*m + 8 = 0, 3*v + 12*m - 7*m = 18467. What are the prime factors of v?
3, 2053
Let m = 564 + -581. Let l(v) = v**2 - 5*v - 30. What are the prime factors of l(m)?
2, 43
Let n be (8/1)/(-2*6/(-12)). Suppose 0 = -2*a - 2*w + 1604, a - n*w + 13*w - 810 = 0. List the prime factors of a.
2, 5
Let y be (4/(-6))/((-120)/180). Let j be (-30)/2*(-2)/6. Suppose j*u = y + 84. List the prime factors of u.
17
Let d = 66220 + -42342. List the prime factors of d.
2, 11939
Let x be ((-8)/5)/((-3)/(-30)). Suppose 7*q - 9*q = v - 78, q - 3*v - 46 = 0. Let r = q + x. What are the prime factors of r?
2, 3
Let b(a) = a**2 + 2*a. Let t be b(-3). Suppose -t*v + 635 = -5*r - 1376, 3*r = 3*v - 2001. What are the prime factors of v?
2, 331
Let n(c) = -c**3 + 6*c**2 - 12*c - 2. Let y be n(6). Let a = -83 - y. What are the prime factors of (3 - 2) + a + 23?
3, 5
Let i(g) = 363*g**2 + 42*g - 190. What are the prime factors of i(8)?
2, 11689
Let c be (2550/7)/(-3)*-7. Suppose -810 - c = -4*u. List the prime factors of u.
5, 83
Let l = 31 - 31. Suppose 3*u - 51 - 9 = l. Let o = u - -11. What are the prime factors of o?
31
Suppose -5*a - 327 = -l, 2*l - 4*a - 218 = 436. Suppose -7*h + 6*h - l = -5*t, h + 321 = 3*t. Let v = 491 + h. List the prime factors of v.
179
Suppose -99 = 2*a - 3*z, 3*z - 7*z + 208 = -4*a. Let h(q) = q**3 + q**2 - 6*q + 3. Let y be h(6). Let d = a + y. List the prime factors of d.
2, 3
Let i(q) = -q**3 + 57*q**2 - 60*q + 132. Let o be i(56). What are the prime factors of (-1130)/(-3)*(-138)/o?
5, 113
Suppose 2*w = 6*i + 124824, -3*w = -4*i - 138227 - 49034. List the prime factors of w.
3, 20809
Let b = 712 - 141. Suppose -3*s - 3*u = u - b, -4*u = 8. What are the prime factors of s?
193
Let s = 126 - 101. List the prime factors of 10852/20 + 10/s.
3, 181
Suppose -5*w + 3*w = v - 405, -2*w = -4*v + 1590. Let h = v + -162. What are the prime factors of h?
3, 79
Let z = -57 - -80. Let o = 56 - z. Suppose 105 = 38*g - o*g. What are the prime factors of g?
3, 7
Let x(w) = 4*w**2 - 97*w + 948. List the prime factors of x(59).
7, 1307
Let s = 30 + -22. Suppose 0 = -3*n - 5*g - 0*g + 625, 0 = 4*g - s. What are the prime factors of n?
5, 41
List the prime factors of (163527/(-39) + 0 + -2)*-7.
5, 7, 839
Let p(z) = z**2 - 56. Let d be p(8). Let a be 1012/18 - (-4)/(-18). What are the prime factors of (606/d)/(21/a)?
2, 101
Let o = 877 + -226. Suppose 5*j = 3*p + 1104, -2*j + 2*p - 211 + o = 0. What are the prime factors of j?
2, 3, 37
Suppose 3*m = -7*m + 40. Suppose -276 = -f + 4*k + 58, 0 = 4*f + m*k - 1396. List the prime factors of f.
2, 173
Let z be (0 + 54)*((-351)/(-26) - 5). Let b = z + 307. What are the prime factors of b?
2, 383
Let v = -11767 - -60513. What are the prime factors of v?
2, 24373
Let x(d) = 4110*d + 1965. List the prime factors of x(9).
3, 5, 7, 53
Suppose -8*v = -13*v + 18655. Suppose -44*w - v = -51*w. List the prime factors of w.
13, 41
Suppose -2*x = 3*p - 7478 + 802, -p - 3*x = -2223. What are the prime factors of p?
2, 3, 7, 53
List the prime factors of ((-12)/57)/2 + (-92635)/(-95) + 1.
2, 61
Suppose -5*h - 24*h = 60*h - 3890991. What are the prime factors of h?
3, 13, 19, 59
Suppose 74*j + 16230 = 64*j. Let n = -732 - j. What are the prime factors of n?
3, 11
Let f be (-3040)/(-15)*(-525)/(-14). Suppose 197*g = 187*g + f. What are the prime factors of g?
2, 5, 19
Let a = 12519 - 3231. List the prime factors of a.
2, 3, 43
Let w(c) = 5*c - 33. Let d be w(7). Suppose d*j + j = -h + 25, -h + 25 = j. List the prime factors of h.
5
Let n be 1770/(-14) + (-15)/(-35). Let f = n + 289. Suppose -4*z = -3*z - f. List the prime factors of z.
163
Let w = -14 + 16. Let r be ((15 - 3)/(-6))/(w/(-64)). Suppose -r = -a - 3*a. List the prime factors of a.
2
Let b(y) = 137*y - 908. List the prime factors of b(13).
3, 97
Let l be (0/1)/(-4*(-6)/8). Suppose l = -2*n - 3*n + 4240. List the prime factors of n.
2, 53
Suppose -7*s + 11*s = 24. What are the prime factors of (-2331)/s*3/18*-4?
7, 37
Let z(a) = a**2 + 4*a - 2. Let u be z(2). Let q be (-36)/u + 4*4/(-40). Let m(s) = -69*s - 29. What are the prime factors of m(q)?
13, 19
Suppose 1175*w - 1160*w = 182700. What are the prime factors of w?
2, 3, 5, 7, 29
Let g = 377 + -377. Suppose -32*s = -3*j - 27*s + 892, g = -j - 4*s + 320. What are the prime factors of j?
2, 19
Suppose -9*s - 192*s + 1429371 + 3605277 = 0. What are the prime factors of s?
2, 31, 101
Suppose 4*x - 19281 = -j, -2*j + 24*x = 28*x - 38586. List the prime factors of j.
3, 5, 11, 13
Let b = 116995 + -66736. List the prime factors of b.
3, 11, 1523
Suppose -11*g = -21*g + 290. Suppose -y = -34 - 58. Suppose g*u - y = 28*u. List the prime factors of u.
2, 23
Suppose -20 = 5*x + 2*m, -4 = -9*x + 10*x + 4*m. List the prime factors of (-4206)/x*54/81.
701
Let r(y) = 31*y**2 - 36*y - 249. What are the prime factors of r(-6)?
3, 19
Let z be 11414/39 - 8/(-6). Suppose z - 2 = 2*f. Let q = f + -46. List the prime factors of q.
2, 5
Let r be 212/(-20) + 2/(-5). List the prime factors of (-1)/(((-55)/(-40))/r).
2
Let f be ((-42)/12 - -3)*(-2 + 2). Suppose f*i - a - 1665 = -2*i, 0 = 4*i + 3*a - 3335. List the prime factors of i.
7, 17
Let q(f) = f**3 + f + 1. Let x(b) = 13*b**3 + 4*b**2 + 3*b - 2. Let u(v) = 5*q(v) - x(v). Let y be u(-5). List the prime factors of (-2)/3 - y/(-9).
3, 11
Suppose h - 14848 = -3*j, -14860 = 3*h - 4*h - 5*j. List the prime factors of h.
2, 5, 1483
What are the prime factors of (10/(-1))/20 + (-53715)/(-6)?
2, 3, 373
Suppose 5*u - o - 18174 = 21930, 3*o = -4*u + 32087. What are the prime factors of u?
13, 617
Let o(u) = -13*u**2 + 10*u - 38. Let t(a) = -a**2 - a - 2. L